te y(-2).
142
Let n(x) = 422*x + 9431. Determine n(-21).
569
Let p(c) = -31*c**3 + 5671*c**2 + 369*c - 559. Calculate p(183).
-10
Let j(f) = 36*f**2 + 115*f - 19. Determine j(-3).
-40
Let m(v) = -2*v**3 + 1088*v**2 + 9872*v + 3. Determine m(-9).
741
Let i(g) = -798*g + 29350. What is i(38)?
-974
Let c(b) = -12*b**3 - 237*b**2 + 69*b + 213. Determine c(-20).
33
Let l(i) = -1621*i - 366352. What is l(-226)?
-6
Let i(q) = 4*q**2 - 43339*q + 951517. Calculate i(22).
-5
Let f(z) = -42280*z - 2452285. Determine f(-58).
-45
Let d(j) = -j**3 - 54*j**2 + 116*j + 98. Determine d(-56).
-126
Let d(w) = 388642*w - 13213815. Give d(34).
13
Let z(v) = v**3 + 50*v**2 - 242*v - 561. What is z(6)?
3
Let g(w) = 196*w - 54020. Give g(278).
468
Let m(o) = -510*o**3 - 51511*o**2 - 100*o + 98. Give m(-101).
-3
Let q(f) = -f**3 - 28*f**2 + 70*f + 376. Give q(-31).
1089
Let j(z) = 3*z**3 + 194*z**2 + 1005*z + 177. What is j(-59)?
59
Let g(d) = -d**2 + 50*d + 227. Give g(-5).
-48
Let j(t) = t**3 + 203*t**2 - 808*t + 4167. Determine j(-207).
27
Let g(m) = -5*m**3 - 828*m**2 + 2057*m + 6792. Calculate g(-168).
-96
Let d(w) = 17*w**3 + 50*w**2 + 11*w + 88. Give d(-5).
-842
Let a(j) = 223*j**2 - 3763*j - 319. Determine a(17).
157
Let t(l) = 2080*l + 10400. Give t(-5).
0
Let q(x) = -5*x**2 + 10561*x - 63334. What is q(6)?
-148
Let f(x) = -14*x**2 + 1701*x - 14186. Give f(9).
-11
Let b(k) = 10*k**3 + 444*k**2 - 280*k - 22. Determine b(-45).
428
Let d(c) = 256198*c + 256194. Give d(-1).
-4
Let d(c) = -3*c**2 + 413*c - 8467. Calculate d(25).
-17
Let w(r) = -19*r**3 + 1957*r**2 + 2*r - 132. Calculate w(103).
74
Let a(d) = -d**3 - 24*d**2 + 1634*d - 433. Determine a(30).
-13
Let r(l) = 14*l**2 - 457*l - 97. Determine r(3).
-1342
Let w(g) = -g**2 - 36*g - 115. Give w(-31).
40
Let p(v) = -516*v - 7103. Determine p(-17).
1669
Let t(i) = -10*i**2 + 1339*i - 8774. Calculate t(127).
-11
Let a(r) = 2073*r + 2574. Determine a(-2).
-1572
Let m(q) = 3*q**2 + 1029*q + 20059. What is m(-324)?
1591
Let p(v) = -9*v**3 + 215*v**2 - 178*v + 4854. What is p(24)?
6
Let s(w) = 379754*w - 4936800. Determine s(13).
2
Let q(r) = 6103*r + 102751. Calculate q(-17).
-1000
Let f(h) = -h**2 + 216*h + 1806. Give f(224).
14
Let v(d) = 136*d**2 + 204*d + 37. Calculate v(-6).
3709
Let a(o) = -4*o**3 + 662*o**2 - 16890*o + 835. Give a(134).
31
Let i(l) = -l**2 + 36*l - 57. Give i(32).
71
Let m(s) = 3*s**3 - s**2 - 649*s - 1947. Give m(-3).
-90
Let v(j) = -2171*j - 20441. Determine v(-9).
-902
Let s(v) = -v**2 + 7406*v + 2496415. Calculate s(-323).
-52
Let t(w) = 2*w**2 + 156096*w - 3747467. Determine t(24).
-11
Let a(l) = 4*l**3 - 16*l**2 - 2481*l + 9913. Calculate a(4).
-11
Let s(p) = 395*p**2 + 2175*p - 1155. What is s(-6)?
15
Let p(h) = -2*h**2 + 6534*h - 71. Determine p(0).
-71
Let v(o) = -4*o**2 + 24*o - 150. Give v(3).
-114
Let j(m) = 404*m + 104216. Determine j(-259).
-420
Let k(m) = -2*m**2 + 39*m - 190. Calculate k(10).
0
Let o(p) = -1877*p - 264592. What is o(-141)?
65
Let o(i) = 18741*i + 281084. Give o(-15).
-31
Let d(w) = -w**3 + 26*w**2 + 11*w - 250. Give d(24).
1166
Let i(c) = -5185*c - 378475. What is i(-73)?
30
Let j(u) = 2*u**3 - 414*u**2 + 1796*u - 681. Determine j(4).
7
Let l(m) = 1027*m + 20589. Calculate l(-20).
49
Let l(m) = 131*m**2 + 173*m - 15. Give l(3).
1683
Let h(r) = 334*r**2 + 13364*r + 80. Calculate h(-40).
-80
Let h(k) = 28343*k - 510188. What is h(18)?
-14
Let w(q) = -q**3 + 86*q**2 + 261*q - 17238. Give w(87).
-2100
Let f(a) = -6*a**2 - 133*a - 721. Give f(-10).
9
Let o(v) = 295*v + 64392. Calculate o(-219).
-213
Let f(h) = 274246*h + 1096977. What is f(-4)?
-7
Let j(u) = -106*u**2 - 903*u - 73. Determine j(-8).
367
Let m(s) = s**2 - 7785*s - 124828. Calculate m(-16).
-12
Let c(f) = -196*f**2 + 35*f + 1. Determine c(2).
-713
Let j(c) = -171*c**2 - 44*c + 167. Determine j(3).
-1504
Let q(g) = 6*g**3 + 63*g**2 - 5*g - 27. Determine q(-11).
-335
Let f(v) = 3*v**2 - 255*v + 4066. Calculate f(64).
34
Let z(n) = -17*n**2 - 65*n - 193. Give z(-3).
-151
Let i(l) = 1163*l - 130998. Determine i(114).
1584
Let r(n) = n**3 - 349*n**2 - 533*n + 64059. Give r(350).
9
Let t(z) = -2*z**2 + 51961*z + 4902006. Determine t(-94).
0
Let f(u) = 59382*u + 890725. What is f(-15)?
-5
Let i(h) = 15063*h + 3328935. Calculate i(-221).
12
Let z(y) = -54689*y - 546890. Calculate z(-10).
0
Let q(h) = -6*h**2 + 7445*h - 37107. Give q(5).
-32
Let g(o) = o**2 - 2598*o + 507993. Give g(213).
-12
Let w(t) = 4*t**3 + 110*t**2 - 3657*t + 476. Calculate w(-47).
53
Let y(t) = 132754*t + 265508. What is y(-2)?
0
Let x(y) = -y**3 + 18*y**2 + 527*y + 565. Determine x(34).
-13
Let d(m) = -4*m**2 - 592*m - 6619. What is d(-12)?
-91
Let h(y) = -1052*y + 34743. Give h(33).
27
Let x(b) = 3*b**3 - 119*b**2 + 1409*b - 6742. Determine x(24).
2
Let c(w) = 12*w**2 - 485*w - 4562. Determine c(49).
485
Let h(b) = -47281*b - 1371084. Calculate h(-29).
65
Let j(b) = -861*b**3 + 3*b**2 + 1924*b + 1920. What is j(-1)?
860
Let m(i) = -i**3 + 2293*i**2 - 6879*i + 20. Calculate m(3).
-7
Let l(u) = 337*u**2 + 7054*u - 478. Give l(-21).
5
Let g(t) = 12*t**3 - 1083*t**2 + 263*t + 417. Determine g(90).
-213
Let j(y) = -y**3 + 10*y**2 - 1975*y + 21842. What is j(11)?
-4
Let d(k) = 3*k**3 - 825*k**2 + 42*k - 11384. What is d(275)?
166
Let m(y) = y**2 - 691*y - 1707190. What is m(1697)?
-8
Let g(q) = 5*q**3 - 9*q**2 + 29*q - 44. Calculate g(5).
501
Let i(f) = f**3 + 52*f**2 - 849*f - 52381. Calculate i(-45).
-1
Let y(t) = 239*t - 9683. Give y(45).
1072
Let w(v) = 1137*v + 646978. What is w(-569)?
25
Let t(p) = 10*p + 1916. Determine t(10).
2016
Let b(s) = -59*s - 2304. Calculate b(-54).
882
Let z(v) = 8515*v - 3610317. Give z(424).
43
Let a(x) = 2*x**3 + 10*x**2 - 677*x - 4308. Calculate a(-6).
-318
Let g(w) = -14064*w**2 + 84385*w - 33. What is g(6)?
-27
Let s(c) = -57*c**2 - 479*c - 482. What is s(-8)?
-298
Let i(j) = -2*j**2 + 18945*j - 19. Give i(0).
-19
Let l(u) = 130*u + 5502. What is l(-42)?
42
Let g(h) = -14*h**2 + 72*h - 89. Calculate g(2).
-1
Let u(b) = 2569*b - 850325. Calculate u(331).
14
Let z(v) = 13*v**2 - 264*v - 3526. What is z(-9)?
-97
Let k(d) = 8*d**2 + 2043*d + 76298. Determine k(-210).
68
Let b(y) = -65*y**3 - 16*y**2 + 16*y + 18. Give b(-1).
51
Let l(t) = -t**3 - 168*t**2 + 426*t + 43462. Calculate l(-169).
29
Let o(j) = -28*j - 285. Calculate o(15).
-705
Let z(c) = 7*c**3 - 3*c**2 - 681*c + 678. Give z(1).
1
Let r(f) = 37918*f + 454904. Give r(-12).
-112
Let d(n) = 146355*n - 878123. Calculate d(6).
7
Let u(v) = -182*v - 1501. Determine u(-8).
-45
Let u(g) = 3*g**2 - 1335*g - 124182. Determine u(-79).
6
Let i(r) = -3*r**3 - 11*r**2 + 118*r + 323. Calculate i(-7).
-13
Let o(s) = -5*s**2 + 1334*s + 21119. Give o(-15).
-16
Let r(p) = -278*p**2 - 4211*p - 4209. What is r(-1)?
-276
Let q(p) = 475*p - 182. What is q(1)?
293
Let q(p) = 1145*p - 119069. Give q(104).
11
Let h(l) = -2101*l + 123935. What is h(59)?
-24
Let b(l) = -l**2 + 2944*l - 49765. Give b(17).
-6
Let b(h) = -3730*h - 4812. Determine b(-1).
-1082
Let w(t) = 16*t**2 + 4*t - 200. What is w(4)?
72
Let t(j) = -177732*j + 26659801. What is t(150)?
1
Let w(z) = 49*z**2 - 392*z + 28. Give w(10).
1008
Let t(i) = -i**2 - 54*i + 43045. Give t(185).
-1170
Let f(y) = 17*y**2 - 1486*y + 9514. Give f(80).
-566
Let f(o) = -25*o**2 + 1135*o + 159. Give f(46).
-531
Let o(b) = 2524*b**2 + 136182*b - 6159. Give o(-54).
-3
Let l(w) = -193308*w + 386633. Determine l(2).
17
Let t(z) = 46*z - 404. Determine t(-14).
-1048
Let g(c) = -c**2 - 1819*c - 589524. What is g(-422)?
10
Let w(r) = 12*r**3 - 53*r**2 + 38*r + 88. Calculate w(3).
49
Let o(k) = -5*k**2 + 242*k - 2710. Determine o(30).
50
Let g(a) = -2*a**2 + 2331*a + 372776. What is g(1308)?
-4
Let d(n) = -n**2 - 456*n + 170765. Give d(244).
-35
Let i(n) = -2*n**2 - 609*n + 6660. Determine i(-315).
45
Let x(u) = -9424*u + 9417. Determine x(1).
-7
Let g(o) = -15*o**3 - 585*o**2 - 2*o - 88. What is g(-39)?
-10
Let g(v) = -v**2 - 2754*v + 10972. What is g(4)?
-60
Let s(y) = -2*y**2 + 19*y + 11. Give s(-27).
-1960
Let n(m) = 572*m - 52577. Give n(92).
47
Let z(u) = u**2 - 1209*u + 234666. What is z(243)?
-72
Let g(f) = -6*f**3 - 5*f**2 + 30*f - 23. What is g(3)?
-140
Let b(v) = -31*v**3 - 1649*v**2 - 326*v - 414. What is b(-53)?
